is divided by 9.
6
Suppose -13 = 4*u - 89. Calculate the remainder when u is divided by 8.
3
Let d(y) = -y**2 - 10*y - 4. Let g be d(-9). Suppose -g*z = -11 + 26. Calculate the remainder when 29 is divided by 9*1 - z/3.
9
Let t(c) = -c**3 + 6*c**2 + 5*c - 4. Let d be t(6). Let a = 15 - d. Let i(p) = -3*p - 3. Calculate the remainder when i(a) is divided by 16.
14
Suppose 0*w = -2*w. Suppose w = -5*t + s - 3, -5 + 0 = -t + 3*s. Let b = t + 24. What is the remainder when b is divided by 8?
7
Suppose -3*c + 6*c + 27 = 0. What is the remainder when 9 is divided by (-14)/63 - 47/c?
4
Let a be -2*14*(-3)/12. Suppose 0 = -2*w + a*w. Suppose 3*x = -w*x + 3. What is the remainder when 2 is divided by x?
0
Suppose -n + 4*n = 123. Let o = 28 - 17. What is the remainder when n is divided by o?
8
Suppose -7 + 2 = c. Let v(r) = -r**3 - 3*r**2 + 6*r - 4. Let w = 7 - -2. Calculate the remainder when v(c) is divided by w.
7
Let v(h) = h**3 + 6*h**2 + h - 3. Calculate the remainder when 46 is divided by v(-4).
21
Let w = -84 + 119. What is the remainder when w is divided by 9?
8
Let p = -8 - -18. Suppose -g - 2 = -3*n - 0, -5*g = 5*n + p. Suppose n = r + 3 - 12. Calculate the remainder when 34 is divided by r.
7
Let y(k) = -2*k**2 - 3*k - 3. Let z be y(-5). Let n = z - -66. Calculate the remainder when n is divided by 15.
13
Let a = 12 - 8. What is the remainder when (-42)/(-8) + (-3)/12 is divided by a?
1
Suppose -j + 6 + 3 = 0. Suppose -i + j - 2 = 0. What is the remainder when i is divided by 4?
3
Let y = -2 - -3. Let k be y/6 + 263/6. Suppose 0 = -4*r + 12 + k. Calculate the remainder when 41 is divided by r.
13
Suppose 3*d = 36 + 33. Calculate the remainder when 1/1 + 0 + 88 is divided by d.
20
Suppose -40*m = -41*m + 11. Let i = -5 - -37. Calculate the remainder when i is divided by m.
10
Suppose -2*l + 4*l - 22 = 0. Let z = l + 4. What is the remainder when 482/11 + (-4)/(-22) is divided by z?
14
Suppose -x = -0*x - 5. Suppose -2*l - 1 = 3, -4*c - 2*l + 72 = 0. What is the remainder when c is divided by x?
4
Let i(b) = -b**2 - 9*b - 3. Calculate the remainder when 40 is divided by i(-6).
10
Suppose -6*u + 56 = -u - 4*b, u - b - 12 = 0. Let r = 21 - u. Suppose -2*n = -0*n - 74. Calculate the remainder when n is divided by r.
11
What is the remainder when (4 + -3)/((-3)/(-435)) is divided by 37?
34
Suppose -280 + 97 = -3*d + 4*q, -4*d + 244 = 5*q. Calculate the remainder when d is divided by 11.
6
Let q(v) = 2*v**3 + 3*v**2 - 1. Let s be q(-2). Let h(n) = -n**3 - 6*n**2 - 5*n - 5. Let r be h(s). What is the remainder when 8 is divided by (r + 1 - -1)*-1?
2
Suppose t = 4*u - 30 - 27, 0 = 3*u + 2*t - 29. Calculate the remainder when u is divided by 3.
1
Suppose 4*o - 5*i - 150 = 7, 3*o + 4*i - 110 = 0. What is the remainder when o is divided by 20?
18
Calculate the remainder when (-18)/162 + (-559)/(-9) is divided by 21.
20
Let g = -2 - -1. Let c = 11 + g. Suppose 4*w = 4*d + 88, 2*w - 2*d - 26 = w. Calculate the remainder when w is divided by c.
8
Suppose -i + 4*k + 29 = 0, 13 + 35 = 4*i + k. Let l = 43 - i. Suppose p - 7 - 1 = 0. What is the remainder when l is divided by p?
6
Let z be 2/2 + (-6)/(-1). Let l(s) = -s + 4. Let f be l(6). What is the remainder when 23 is divided by 1/(-1 - f) + z?
7
Let x(u) = u + 13. Let y(j) = j**3 - 7*j**2 + 5*j + 8. Suppose 0 = 2*o - 17 + 5. What is the remainder when x(-11) is divided by y(o)?
0
Let i(m) = 10*m - 7. Let b be i(2). Let c = b + -5. Calculate the remainder when c is divided by 5.
3
Let a = 43 + 12. Calculate the remainder when a is divided by 8.
7
Let c = 15 + 34. What is the remainder when c is divided by 13?
10
What is the remainder when 42 is divided by (333/5)/3 + 11/(-55)?
20
Suppose -10*d = -9*d - 68. What is the remainder when d is divided by 24?
20
Suppose 3*q + q = 300. Suppose 3*v - q = -2*v. What is the remainder when v is divided by 4?
3
Let s(a) = 40*a**2 + 10*a + 11. What is the remainder when 120 is divided by s(-1)?
38
Let p(d) = 41*d**3 - 1. Suppose c = -2*c, 5*c = 2*x - 2. Let i be p(x). What is the remainder when 18 is divided by (2 - -1)*i/12?
8
Suppose -27 = -4*a + 9. Calculate the remainder when a is divided by 3.
0
Let g(h) = 2*h**2 + 4*h + 1. Suppose 2*p = -a - 2, 0 = 4*a - 8*a - 5*p - 2. What is the remainder when a - (0 - 8 - 2) is divided by g(-3)?
5
Suppose 22 = -z + 3*j, 2*z + 0*z + 29 = j. Let v = z + 29. Calculate the remainder when 61 is divided by v.
13
Let a(l) = -l**2 + 6*l + 8. What is the remainder when 2 is divided by a(7)?
0
Let t(c) = 7 - c + 2*c + 3. Let o be t(-8). Calculate the remainder when (o + -3)*2*-4 is divided by 3.
2
Let b = -14 - -26. Suppose n + b = 2*j, j - 5*n + 1 = -11. Calculate the remainder when 22 is divided by j.
6
Suppose -62 = -2*a + 68. Calculate the remainder when a is divided by 23.
19
Calculate the remainder when 9 is divided by 5 + ((-2)/3)/(10/15).
1
Let q = -9 - -8. Let y(z) = 2*z**2 - 3 + 2 + 3*z**2. Calculate the remainder when 11 is divided by y(q).
3
Suppose 0 = 4*m + 4*q - 12, -3*m + 0*m + 2*q = -19. Suppose m*f + 25 = 0, -t + 2*f = 4*f - 58. What is the remainder when t is divided by 18?
14
Let c(l) = -l**2 + 13*l - 21. Calculate the remainder when 42 is divided by c(10).
6
Let y(t) = 8*t**2 + 1. Let c be y(-1). Suppose -5*o + 1 = -c. What is the remainder when 3/(30/16) - (-18)/45 is divided by o?
0
Suppose 3*c + 5*i = 23, 0*c + 3*i = -2*c + 14. Suppose 3*x = -c + 7. Calculate the remainder when 2 is divided by x.
0
Suppose 2*g - 50 = 5*i, -2*g - 5*i + 12 = 2. Calculate the remainder when 27 is divided by g.
12
What is the remainder when 12 is divided by 3 + (1 - (1 + -2) - 0)?
2
Let c = -4 - -6. Suppose 0 = x + 7 - 6. Calculate the remainder when 2*x/2 - -3 is divided by c.
0
Let l be 1/((-5)/3 + 2). Suppose -o - 4 = -l*w + 7, 5*w - 45 = -5*o. Suppose -114 = -w*z - 14. What is the remainder when z is divided by 11?
9
Let z(u) = -3*u - 13. Calculate the remainder when 39 is divided by z(-9).
11
Let i(v) = 5*v - 7. Calculate the remainder when 37 is divided by i(4).
11
What is the remainder when (-1)/(-3) + 770/21 is divided by 13?
11
Let o be ((-4)/(-12))/(2/36). Let q = o + 8. What is the remainder when 27 is divided by q?
13
Suppose -o + 5*l + 36 = 0, -2*o + 4*l = -o - 33. What is the remainder when o is divided by 8?
5
Suppose 87 = -4*o - 5*u, -4*o - 4*u - 84 = -0*o. Suppose 0 = -4*c - c + 20, 4*h + 2*c = 56. What is the remainder when (-1045)/(-45) + 4/o is divided by h?
11
Calculate the remainder when 41 is divided by 98/(-21)*(-3)/2.
6
Suppose 8*r - 157 = 11. Calculate the remainder when 2*(-2 - -1) + 64 is divided by r.
20
Calculate the remainder when 2*57/18*3 is divided by 5.
4
Let h = 35 - 12. What is the remainder when 91 is divided by h?
22
Let g be (-1 + -1)/((-4)/6). Suppose -2*i = g*i - 280. Calculate the remainder when i is divided by 19.
18
Calculate the remainder when 3 is divided by 2*(9 - 7 - 1/2).
0
Suppose 102 = -5*o + 247. Suppose -2*j + 6*j - 26 = -2*b, j - o = -2*b. Suppose -3*w + 2*w + b = 0. What is the remainder when 44 is divided by w?
14
Let p = -65 + 119. Calculate the remainder when p is divided by 14.
12
Let t(m) = 3*m**2 + m - 5. Calculate the remainder when t(4) is divided by 12.
11
Let d(o) = -o**3 + 10*o**2 - 16*o + 3. Let p = -4 - -7. Calculate the remainder when p is divided by d(8).
0
Let l(p) = -p**3 - 2*p**2 - p + 5. What is the remainder when l(-3) is divided by 9?
8
Let x(w) = w**3 + w**2 - 6. Let t be x(0). Let a(j) = j**2 - 3. What is the remainder when a(t) is divided by 17?
16
Let q(f) = -f**3 - 9*f**2 - 10*f - 7. Calculate the remainder when 44 is divided by q(-8).
8
Let l(y) = 17*y + 25. What is the remainder when l(14) is divided by 14?
11
Let k be ((-20)/8)/((-2)/100). Suppose -8 = -3*f + f. Calculate the remainder when k/f - 2/8 is divided by 11.
9
What is the remainder when 5/(-15) - (-31)/3 is divided by 4?
2
Let s be (-6)/4 + 12/8. Suppose 3*d - 3 = s, -2*p + 21 = -0*p - d. What is the remainder when 21 is divided by p?
10
Let r be 6*(15/(-6) + 3). Suppose -h + 9 = 2*n, -r*h - 46 = -3*n + 2*h. What is the remainder when 17 is divided by n?
3
Let n(o) = o**3 + 6*o**2 - 8*o - 7. Calculate the remainder when 78 is divided by n(-6).
37
Suppose 0 = 5*n - 3*p + 106, -2*n - 60 =